ions digit of 390163266?
0
What is the units digit of 2734043509?
9
What is the units digit of 8535625?
5
What is the ten thousands digit of 269598426?
9
What is the units digit of 459091576?
6
What is the hundreds digit of 118861705?
7
What is the hundred millions digit of 151381417?
1
What is the ten thousands digit of 539063395?
6
What is the ten thousands digit of 267239415?
3
What is the hundred thousands digit of 84554555?
5
What is the ten millions digit of 3787092557?
8
What is the hundred thousands digit of 139464252?
4
What is the ten millions digit of 84433061?
8
What is the ten thousands digit of 4962289973?
8
What is the units digit of 1066081199?
9
What is the hundreds digit of 93054388?
3
What is the tens digit of 197164196?
9
What is the hundreds digit of 690483576?
5
What is the hundreds digit of 3441546601?
6
What is the tens digit of 1926613467?
6
What is the ten thousands digit of 71595633?
9
What is the units digit of 118596752?
2
What is the ten thousands digit of 1208063662?
6
What is the hundred thousands digit of 3216444865?
4
What is the hundred millions digit of 1394548475?
3
What is the units digit of 13214822?
2
What is the tens digit of 1092418769?
6
What is the thousands digit of 48180823?
0
What is the ten thousands digit of 81933841?
3
What is the hundred thousands digit of 67636081?
6
What is the units digit of 37166121?
1
What is the hundred millions digit of 439830525?
4
What is the hundred thousands digit of 1729749704?
7
What is the hundreds digit of 40060462?
4
What is the thousands digit of 93426007?
6
What is the ten millions digit of 3720212450?
2
What is the units digit of 121948439?
9
What is the tens digit of 61254023?
2
What is the ten millions digit of 2318973027?
1
What is the hundreds digit of 110381232?
2
What is the ten thousands digit of 136284812?
8
What is the tens digit of 4102555627?
2
What is the hundred thousands digit of 4607192?
6
What is the hundred thousands digit of 25556410?
5
What is the hundred thousands digit of 27587381?
5
What is the hundred thousands digit of 4071514510?
5
What is the hundred millions digit of 838274667?
8
What is the hundred thousands digit of 249402234?
4
What is the units digit of 5355610?
0
What is the units digit of 7033943445?
5
What is the units digit of 249327015?
5
What is the ten millions digit of 1777066684?
7
What is the ten millions digit of 155578883?
5
What is the hundred thousands digit of 1579881045?
8
What is the thousands digit of 190767740?
7
What is the ten thousands digit of 20899362?
9
What is the millions digit of 587747655?
7
What is the ten thousands digit of 4675866955?
6
What is the millions digit of 1109807986?
9
What is the ten thousands digit of 333698955?
9
What is the ten millions digit of 58551257?
5
What is the millions digit of 220568414?
0
What is the units digit of 793034818?
8
What is the millions digit of 758801696?
8
What is the ten thousands digit of 3749324440?
2
What is the hundred thousands digit of 664182359?
1
What is the hundreds digit of 525645753?
7
What is the ten millions digit of 341485847?
4
What is the units digit of 710857753?
3
What is the units digit of 28510214?
4
What is the millions digit of 44317587?
4
What is the tens digit of 134863894?
9
What is the millions digit of 262129405?
2
What is the ten thousands digit of 43724694?
2
What is the ten thousands digit of 464904618?
0
What is the thousands digit of 52354646?
4
What is the hundred thousands digit of 29949089?
9
What is the hundred millions digit of 422313833?
4
What is the millions digit of 82915210?
2
What is the hundred millions digit of 129452184?
1
What is the ten millions digit of 5650517672?
5
What is the hundred millions digit of 5071069344?
0
What is the ten millions digit of 286638262?
8
What is the hundreds digit of 6144206772?
7
What is the hundred thousands digit of 76629939?
6
What is the thousands digit of 27374857?
4
What is the thousands digit of 68284868?
4
What is the tens digit of 215852273?
7
What is the millions digit of 195052017?
5
What is the hundreds digit of 156262720?
7
What is the tens digit of 75011222?
2
What is the units digit of 198819960?
0
What is the thousands digit of 178883254?
3
What is the millions digit of 2687838984?
7
What is the millions digit of 24673039?
4
What is the ten millions digit of 43440716?
4
What is the hundred millions digit of 154874227?
1
What is the units digit of 358246551?
1
What is the ten millions digit of 642474261?
4
What is the millions digit of 802048785?
2
What is the hundred millions digit of 2409450594?
4
What is the hundreds digit of 3954848510?
5
What is the thousands digit of 681903504?
3
What is the ten thousands digit of 538687913?
8
What is the hundred thousands digit of 435206924?
2
What is the ten millions digit of 4532999529?
3
What is the thousands digit of 1591886809?
6
What is the tens digit of 1206732983?
8
What is the tens digit of 46084063?
6
What is the thousands digit of 5135765380?
5
What is the units digit of 1698981780?
0
What is the hundreds digit of 7878525053?
0
What is the ten thousands digit of 45244948?
4
What is the millions digit of 1063435106?
3
What is the hundred thousands digit of 19057661?
0
What is the units digit of 778033314?
4
What is the ten thousands digit of 205494198?
9
What is the hundred thousands digit of 580438051?
4
What is the hundreds digit of 22843599?
5
What is the millions digit of 305313266?
5
What is the ten thousands digit of 129010278?
1
What is the ten thousands digit of 40058931?
5
What is the units digit of 1509994825?
5
What is the units digit of 466101046?
6
What is the hundred thousands digit of 208027067?
0
What is the millions digit of 330310522?
0
What is the units digit of 28663476?
6
What is the tens digit of 114879658?
5
What is the hundred millions digit of 922941280?
9
What is the thousands digit of 75289591?
9
What is the billions digit of 1421020949?
1
What is the ten thousands digit of 179740826?
4
What is the hundreds digit of 1429658496?
4
What is the thousands digit of 49448486?
8
What is the billions digit of 4652995858?
4
What is the billions digit of 9108169375?
9
What is the tens digit of 84679160?
6
What is the units digit of 78188313?
3
What is the tens digit of 207079203?
0
What is the thousands digit of 151063190?
3
What is the thousands digit of 9187936?
7
What is the hundred millions digit of 903418222?
9
What is the units digit of 458078700?
0
What is the tens digit of 59809001?
0
What is the ten thousands digit of 18987459?
8
What is the thousands digit of 39423617?
3
What is the thousands digit of 244666893?
6
What is the tens digit of 294897152?
5
What is the units digit of 451606602?
2
What is the tens digit of 100928238?
3
What is the units digit of 281799103?
3
What is the billions digit of 1692849489?
1
What is the millions digit of 49518328?
9
What is the millions digit of 41474627?
1
What is the hundreds digit of 316597467?
4
What is the hundred millions digit of 5197559118?
1
What is the ten thousands digit of 884018625?
1
What is the tens digit of 19515974?
7
What is the hundreds digit of 7387276?
2
What is the ten millions digit of 4020455427?
2
What is the hundreds digit of 1671991406?
4
What is the hundreds digit of 1886480886?
8
What is the ten thousands digit of 526893761?
9
What is the hundred millions digit of 960296941?
9
What is the ten thousands digit of 1166188631?
8
What is the hundred millions digit of 170677359?
1
What is the millions digit of 746042031?
6
What is the hundred thousands digit of 49131061?
1
What is the ten thousands digit of 115285373?
8
What is the thousands digit of 26029106?
9
What is the tens digit of 8893833?
3
What is the tens digit of 834622819?
1
What is the ten thousands digit of 14970183?
7
What is the tens digit of 470204626?
2
What is the ten thousands digit of 376853867?
5
What is the ten thousands digit of 62464362?
6
What is the ten millions digit of 442217215?
4
What is the ten millions digit of 28905666?
2
What is the units digit of 88774204?
4
What is the ten millions digit of 1875465499?
7
What is the units digit of 175167261?
1
What is the ten millions digit of 1241331317?
4
What is the ten millions digit of 426123420?
2
W